10
Suppose x = v - 1 - 2, 3*v - 9 = -x. Let o(w) = -w**2 - v*w - 2 - w + 3*w. Determine o(0).
-2
Suppose 9*t - 9 = 45. Let a(q) = -q**3 + 7*q**2 - 5*q - 4. Give a(t).
2
Let k(t) be the third derivative of t**5/5 - t**3/6 - 4*t**2. What is k(-1)?
11
Let w(a) = 6 - 3*a + 4*a + 1 - 2. Determine w(-4).
1
Let w(v) = -4*v**2 - 5*v - 1. Let n(f) = -3*f**2 - 5*f - 1. Let g(a) = 3*n(a) - 2*w(a). Give g(-6).
-7
Let c(i) = i**2 + i - 5. Let a be c(-4). Let h(l) = -l**2 + 6*l + 5. Give h(a).
-2
Let j(s) be the third derivative of -s**4/6 + 5*s**3/6 - s**2. Let k = 68 - -58. Let p be k/30 - (-1)/(-5). Determine j(p).
-11
Let r(i) be the second derivative of i**5/20 + i**4/12 + i**3/6 + 7*i**2/2 + 2*i. Let y be 2/(-4)*0/(-1). Give r(y).
7
Let f(y) = 4*y + 9. Let n(x) = x. Let b(j) = f(j) - 2*n(j). Let a(k) = 2 - 2 + 0*k**3 + 2 + k**3. Let o be a(-2). What is b(o)?
-3
Let x(v) = -2*v**3 + 6*v**3 - 6*v**2 - 3*v**3. Let w be x(6). Let y(l) = -l**2 - 2. What is y(w)?
-2
Let t(c) = 4*c**2 - 10*c + 19. Suppose 0 = -5*l + 2*l + 21. Let m(h) = -h**2 + 3*h - 6. Let p(r) = l*m(r) + 2*t(r). What is p(-3)?
2
Let c(b) = -2*b - 7. Let h be c(-6). Let n(a) be the first derivative of -5*a - 3 - 1/4*a**4 + 5/3*a**3 + a**2. What is n(h)?
5
Suppose -29 = -2*u - 5*v, -6*v + 3*v + 9 = 0. Let p = u + -11. Let m(d) = d**3 + 3*d**2 - 4*d - 2. What is m(p)?
-2
Let j(l) be the third derivative of -l**6/120 - l**5/60 + l**3/6 + l**2. Let z be (-1 + -1)*1/2. What is j(z)?
1
Let j(y) be the second derivative of y**5/15 - 5*y**3/6 + 5*y. Let q(f) be the second derivative of j(f). Give q(-1).
-8
Let f(p) = -p**2 - 5*p. Suppose 0*i = -3*i - 3, 4*o + 13 = 3*i. Calculate f(o).
4
Let w(o) = 5*o - 1. Suppose -4*s + 2*v + 4 = 0, 3*v + 22 = -2*s - 2*v. Calculate w(s).
-6
Let v(r) = 3*r**3 - 2*r**2 - 2*r - 1. Let l(k) = k - 18. Let j be l(17). Determine v(j).
-4
Let g(l) = -4*l**2 - l. Let q(j) = -2*j**2 - 10*j - 6. Let v be q(-4). Suppose 7*k + 5 + v = 0. Calculate g(k).
-3
Let s be 1/(-3 + 8/3). Let i = s - -3. Let z(k) = -k + 11. What is z(i)?
11
Let b(l) = l - 5. Let o(d) = d**2 - 2*d - 4. Let s be o(3). Let m(z) = 1. Let n(c) = s*b(c) + 3*m(c). Let a be 1*(2 - -3)*1. Determine n(a).
3
Let v(o) = 6*o**3 + o**2. Suppose j + k - 17 = 4*k, -3*k - 21 = -3*j. Let y be 1 + 0 - (-1 - 1). Suppose -5 = -j*p - y*p. Calculate v(p).
7
Let a(t) = 5*t**3 + 9*t**2 - 10*t + 6. Let n = -6 + 5. Let j(r) = r**3 + r**2 - r + 1. Let o(y) = n*a(y) + 4*j(y). What is o(-6)?
-2
Let h(j) = 3*j - 1. Let p(t) = -1. Let c(f) = h(f) + 3*p(f). Suppose 0 = 4*z - 51 + 19. Suppose o - 3*o + z = 0. What is c(o)?
8
Let t(x) = x**2 - x - 4. Suppose 6*s - 46 = -28. What is t(s)?
2
Let u(k) = -10*k - 1. Let h be (-2)/(-3)*6/(-4). Let z(y) = y**2 + 2*y. Let b be z(h). Calculate u(b).
9
Let y = 14 - 10. Let t(i) = -i**2 + 5*i - 5. Calculate t(y).
-1
Let u(x) = 18*x + x**3 + 4 - 12*x - 1 + 6*x**2. Determine u(-5).
-2
Let k = 47 - 22. Suppose -4*z + 5*s - k = z, z + 5*s = -17. Let w(l) = l**3 + 7*l**2 + 8. Calculate w(z).
8
Suppose 5*v = -5, 0 = 2*t - 2*v - 6 - 8. Let n(c) = -10*c - c**2 + 1 - 13*c + 31*c - 7. What is n(t)?
6
Let z(j) = -2*j**3 - j**2 - j + 1. Let a be (-115)/(-35) + 2/(-7). Let m(u) = 5*u**3 + 4*u**2 + 3*u - 3. Let f(b) = a*m(b) + 8*z(b). Calculate f(4).
3
Let z(o) be the first derivative of -1 + 0*o + 1/12*o**4 - 1/3*o**3 - o**2. Let t(q) be the second derivative of z(q). Calculate t(2).
2
Let i(z) = -z + 0*z + 0*z - 11. Let u(f) = -f**3 + 9*f**2 + 10*f - 5. Let l be u(10). Determine i(l).
-6
Let z(v) = v**3 - v - 1. Let x(t) = 2*t**3 - 4*t**2 - t + 2. Let s(w) = -x(w) + 3*z(w). Suppose -r - 7 = -2*j + 3*j, -5*j = r + 19. Calculate s(r).
3
Let i(m) = m**2 + 6*m + 7. Let n be i(-5). Let j(x) be the first derivative of -5*x**2 + 5*x**2 - x - 5*x + x**n + 2. What is j(5)?
4
Let c(w) = w**2 - 6*w + 3. Let o be c(6). Suppose o*t + 7 = -8. Let g(q) = q**2 + 6*q. Calculate g(t).
-5
Let a(j) = -5*j - 1. Let y(n) be the first derivative of 5*n**2/2 + n + 3. Let m(l) = 4*a(l) + 5*y(l). What is m(1)?
6
Suppose -4*c - 12 = -2*i - 0, -5*i = -10. Let d(b) = -2*b**3 - 2*b**2 - 2*b - 3. What is d(c)?
9
Let y = -6 - -11. Let s(r) = -3*r**3 - 1. Let n be s(-1). Let q(l) = -5*l + n*l**2 + 5 + l**3 + 4*l**2 - 2*l**3. What is q(y)?
5
Let y(a) = 3*a + 3. Let l(m) = -9*m - 10. Let t(h) = -4*l(h) - 14*y(h). Calculate t(3).
-20
Let w(n) be the first derivative of -3/2*n**2 - 6*n - 10 + 1/3*n**3. What is w(5)?
4
Let k(r) be the third derivative of r**8/6720 - r**7/2520 + r**5/60 + r**4/12 + 8*r**2. Let y(j) be the second derivative of k(j). Calculate y(2).
6
Let n(m) be the second derivative of m**5/20 + m**4/3 - 7*m**3/6 - 7*m**2/2 + 13*m. What is n(-5)?
3
Let s(d) = -5*d**3 + 1. Let m(f) = -f - 2. Let q be m(-8). Let v(c) = c**3 - 7*c**2 + 5*c + 7. Let p be v(q). Give s(p).
-4
Let w(q) = 12*q + 6. Let f(a) = 4*a + 2. Let p(z) = 10*f(z) - 3*w(z). Let r(d) = d**3 + 3*d**2 - d + 9. Let t be r(-4). Determine p(t).
-10
Suppose 5*u - 7 - 23 = 0. Let h = u + -4. Let i(b) be the second derivative of -b**4/12 + b**3/6 - 8*b. What is i(h)?
-2
Let y be (5 + 0)*2/5. Let u(t) = t**2 + 2*t - 2. What is u(y)?
6
Let u(t) = -3*t**3 - t**2 - t. Let n be u(-1). Suppose 4*m - 3*k + 20 = k, -15 = 2*m - n*k. Let f(o) = -o**2 - o - 5. Calculate f(m).
-5
Suppose 2 = p - 3. Let s(d) be the third derivative of -d**6/120 + d**5/12 + d**4/12 - 5*d**3/6 - 24*d**2. Determine s(p).
5
Let w(b) = -b**2 + 6*b + 6. Let o(q) be the second derivative of q**3/2 - q**2/2 - q. Let j be o(2). Determine w(j).
11
Let m = 122 - 116. Let r(d) = -d - 1. Determine r(m).
-7
Let z = 4 + -2. Let k(p) = 2*p**2 - 3 + 6*p**2 + p - 2*p**z + 2. Suppose a - 4 = -5, -4*j + 2*a + 6 = 0. Calculate k(j).
6
Let r(h) = h + 2. Let z(l) = 3*l + 4. Let t(y) = 10*r(y) - 4*z(y). Determine t(6).
-8
Let m(q) = 2*q - 5. Let v(y) = -2*y + 4. Let z(p) = 4*m(p) + 3*v(p). Calculate z(6).
4
Suppose 5*r + 3*u - 5*u - 11 = 0, 3*r = 5*u - 1. Suppose r*t - 8 = 2*w, -5*w - 11 - 9 = -4*t. Let f(s) = -s**2 - s + 9. What is f(t)?
9
Let p(y) = -3*y**3 + 6*y**2 - 6 + 2*y**3 - 2*y - 2*y. Give p(5).
-1
Let t(l) = 3*l**2 + 3*l**2 + 3 + l**3 - 3 + 7*l + 2. What is t(-5)?
-8
Let k(i) = i**2 - 3*i + 3. Suppose -5*u = 4*c - 32, -2*u - 2*c - 6 = -5*u. Determine k(u).
7
Let f(y) = y + 1. Let h = -4 + 3. Let q = -7 + 11. Let s(v) = 3*v - 4. Let g(k) = h*s(k) + q*f(k). Determine g(-5).
3
Let l(f) = 3*f - 3. Let c(n) = 2*n**2 - 2*n + 1. Let w be c(2). Let k = w - 3. Suppose k*h - 4 - 2 = 0. What is l(h)?
6
Let p(z) = 2*z - 6. Let r = 6 + -13. Let x = -3 - r. Suppose 5 = x*h - 11. Determine p(h).
2
Let c = -23 + 23. Let y(b) = -b - 11. Calculate y(c).
-11
Let z(k) be the second derivative of 13*k**7/840 + k**5/60 + k**4/24 + k**3/3 - 5*k. Let j(s) be the second derivative of z(s). Give j(-1).
-14
Let h(z) be the first derivative of -z**4/4 - 5*z**3/3 - z**2 - 5*z - 20. Calculate h(-5).
5
Let b(f) = -f - 2. Suppose 5*q - 2*s + 17 = -17, 0 = -q + 5*s + 7. Let l = q - -7. Give b(l).
-1
Let m be 9/(-6) - (-69)/6. Let l = m - 8. Let c(q) = 2*q**l + q**3 - 4*q**2 + 1 - 2*q - 3 + 1. Determine c(3).
2
Let n(y) = -7*y**3 - 2*y**2 - y - 2. Let k(m) = -6*m**3 - m**2 - 2. Let z(d) = 6*k(d) - 5*n(d). Calculate z(5).
-2
Let c be 2/(1/(-2)*-2). Let l(n) be the first derivative of -n**4/4 + 2*n + 68. What is l(c)?
-6
Let o(s) = -2 - s**2 - 5*s + 1 + 6. Calculate o(-6).
-1
Let f(a) = -a - 4. Let m(s) = -s + 7. Let b be m(3). Suppose -5*n = -b*n - 4. Suppose h = n*h + 6. Give f(h).
-2
Let o be (-3)/2 + 7/(-14). Let a(x) = -x**2 - 3*x + 1. Let c(k) = k**2 + 3*k. Let l(n) = o*c(n) - 3*a(n). What is l(-4)?
1
Let h(w) be the second derivative of w**3/3 - 5*w**2/2 - 2*w. Let x be h(4). Let v(n) = 2 - 4 - n - 2*n**3 + n**x - 3*n**2. Calculate v(-3).
1
Let b(h) = 2*h**3 - 3*h**2 - 1 - 2 + 2*h + 4*h**2 + 4*h**2. Determine b(-3).
-18
Let c be -9*(-2)/6*1. Let w(n) = c*n**2 - 1 + 7*n**3 + n**3 - 7*n**3. Suppose 3*k = 7*k + 4. Give w(k).
1
Let j(r) = 2*r**3 + 7*r**2 + 8*r + 7. Let v be j(-2). Let f(d) = d**3 - 3*d**2 - 2*d + 2. Give f(v).
-4
Let f(d) be the third derivative of -d**8/20160 + d**7/1008 - d**6/720 - d**5/30 - 3*d**2. Let s(c) be the third derivative of f(c). Determine s(4).
3
Let k(i) be the third derivative of -i**5/60 - i**4/24 + 5*i**3/6 - 6